{"id":1787,"date":"2023-11-04T19:22:07","date_gmt":"2023-11-04T19:22:07","guid":{"rendered":"http:\/\/wordpress.zvb-obertshausen.de\/start\/?page_id=1787"},"modified":"2025-12-03T21:21:53","modified_gmt":"2025-12-03T21:21:53","slug":"kursanmeldung","status":"publish","type":"page","link":"https:\/\/zvb-obertshausen.de\/start\/kursanmeldung\/","title":{"rendered":"Kursanmeldung"},"content":{"rendered":"\t\t<div data-elementor-type=\"wp-page\" data-elementor-id=\"1787\" class=\"elementor elementor-1787\">\n\t\t\t\t\t\t<section class=\"elementor-section elementor-top-section elementor-element elementor-element-e941ece elementor-section-boxed elementor-section-height-default elementor-section-height-default\" data-id=\"e941ece\" data-element_type=\"section\" data-e-type=\"section\" data-settings=\"{&quot;background_background&quot;:&quot;classic&quot;}\">\n\t\t\t\t\t\t\t<div class=\"elementor-background-overlay\"><\/div>\n\t\t\t\t\t\t\t<div class=\"elementor-container elementor-column-gap-no\">\n\t\t\t\t\t<div class=\"elementor-column elementor-col-100 elementor-top-column elementor-element elementor-element-3fe0b8f\" data-id=\"3fe0b8f\" data-element_type=\"column\" data-e-type=\"column\" data-settings=\"{&quot;background_background&quot;:&quot;classic&quot;}\">\n\t\t\t<div class=\"elementor-widget-wrap elementor-element-populated\">\n\t\t\t\t\t<div class=\"elementor-background-overlay\"><\/div>\n\t\t\t\t\t\t<div class=\"elementor-element elementor-element-60f4a16 elementor-widget__width-initial elementor-widget elementor-widget-heading\" data-id=\"60f4a16\" data-element_type=\"widget\" data-e-type=\"widget\" data-widget_type=\"heading.default\">\n\t\t\t\t<div class=\"elementor-widget-container\">\n\t\t\t\t\t<h1 class=\"elementor-heading-title elementor-size-default\">Kursanmeldung<\/h1>\t\t\t\t<\/div>\n\t\t\t\t<\/div>\n\t\t\t\t<div class=\"elementor-element elementor-element-19a121d elementor-widget-divider--view-line elementor-widget elementor-widget-divider\" data-id=\"19a121d\" data-element_type=\"widget\" data-e-type=\"widget\" data-widget_type=\"divider.default\">\n\t\t\t\t<div class=\"elementor-widget-container\">\n\t\t\t\t\t\t\t<div class=\"elementor-divider\">\n\t\t\t<span class=\"elementor-divider-separator\">\n\t\t\t\t\t\t<\/span>\n\t\t<\/div>\n\t\t\t\t\t\t<\/div>\n\t\t\t\t<\/div>\n\t\t\t\t<div class=\"elementor-element elementor-element-144a229 elementor-widget elementor-widget-text-editor\" data-id=\"144a229\" data-element_type=\"widget\" data-e-type=\"widget\" data-widget_type=\"text-editor.default\">\n\t\t\t\t<div class=\"elementor-widget-container\">\n\t\t\t\t\t\t\t\t\t<p>Bitte lesen Sie sich unsere<br \/><span style=\"text-decoration: underline;\"><a href=\"https:\/\/zvb-obertshausen.de\/start\/lehrgangsbedingungen\/\">allgemeinen Lehrgangsbedingungen<\/a><\/span><span style=\"font-style: inherit; font-weight: inherit; font-family: var(--bs-body-font-family);\"> durch.<\/span><\/p>\t\t\t\t\t\t\t\t<\/div>\n\t\t\t\t<\/div>\n\t\t\t\t<div class=\"elementor-element elementor-element-1911c2f elementor-widget elementor-widget-wpforms\" data-id=\"1911c2f\" data-element_type=\"widget\" data-e-type=\"widget\" data-widget_type=\"wpforms.default\">\n\t\t\t\t<div class=\"elementor-widget-container\">\n\t\t\t\t\t<div class=\"wpforms-container \" id=\"wpforms-3130\"><form id=\"wpforms-form-3130\" class=\"wpforms-validate wpforms-form wpforms-ajax-form\" data-formid=\"3130\" method=\"post\" enctype=\"multipart\/form-data\" action=\"\/start\/wp-json\/wp\/v2\/pages\/1787\" data-token=\"e1af5dd3cb6fe2a339ffefffcdbc0b27\" data-token-time=\"1776182512\"><noscript class=\"wpforms-error-noscript\">Bitte aktiviere JavaScript in deinem Browser, um dieses Formular fertigzustellen.<\/noscript><div class=\"wpforms-field-container\"><div id=\"wpforms-3130-field_1-container\" class=\"wpforms-field wpforms-field-name\" data-field-id=\"1\"><label class=\"wpforms-field-label\">Name <span class=\"wpforms-required-label\">*<\/span><\/label><div class=\"wpforms-field-row wpforms-field-large\"><div class=\"wpforms-field-row-block wpforms-first wpforms-one-half\"><input type=\"text\" id=\"wpforms-3130-field_1\" class=\"wpforms-field-name-first wpforms-field-required\" name=\"wpforms[fields][1][first]\" required><label for=\"wpforms-3130-field_1\" class=\"wpforms-field-sublabel after\">Vorname<\/label><\/div><div class=\"wpforms-field-row-block wpforms-one-half\"><input type=\"text\" id=\"wpforms-3130-field_1-last\" class=\"wpforms-field-name-last wpforms-field-required\" name=\"wpforms[fields][1][last]\" required><label for=\"wpforms-3130-field_1-last\" class=\"wpforms-field-sublabel after\">Nachname<\/label><\/div><\/div><\/div><div id=\"wpforms-3130-field_2-container\" class=\"wpforms-field wpforms-field-email\" data-field-id=\"2\"><label class=\"wpforms-field-label\" for=\"wpforms-3130-field_2\">Email <span class=\"wpforms-required-label\">*<\/span><\/label><input type=\"email\" id=\"wpforms-3130-field_2\" class=\"wpforms-field-large wpforms-field-required\" name=\"wpforms[fields][2]\" spellcheck=\"false\" required><\/div><div id=\"wpforms-3130-field_15-container\" class=\"wpforms-field wpforms-field-number\" data-field-id=\"15\"><label class=\"wpforms-field-label\" for=\"wpforms-3130-field_15\">Telefonnr. <span class=\"wpforms-required-label\">*<\/span><\/label><input type=\"number\" id=\"wpforms-3130-field_15\" class=\"wpforms-field-large wpforms-field-required\" name=\"wpforms[fields][15]\" step=\"any\" required><\/div><div id=\"wpforms-3130-field_12-container\" class=\"wpforms-field wpforms-field-text\" data-field-id=\"12\"><label class=\"wpforms-field-label\" for=\"wpforms-3130-field_12\">Stra\u00dfe, Nr. <span class=\"wpforms-required-label\">*<\/span><\/label><input type=\"text\" id=\"wpforms-3130-field_12\" class=\"wpforms-field-large wpforms-field-required\" name=\"wpforms[fields][12]\" required><\/div><div id=\"wpforms-3130-field_18-container\" class=\"wpforms-field wpforms-field-number\" data-field-id=\"18\"><label class=\"wpforms-field-label\" for=\"wpforms-3130-field_18\">Postleitzahl <span class=\"wpforms-required-label\">*<\/span><\/label><input type=\"number\" id=\"wpforms-3130-field_18\" class=\"wpforms-field-small wpforms-field-required\" name=\"wpforms[fields][18]\" step=\"any\" required><\/div><div id=\"wpforms-3130-field_14-container\" class=\"wpforms-field wpforms-field-text\" data-field-id=\"14\"><label class=\"wpforms-field-label\" for=\"wpforms-3130-field_14\">Stadt <span class=\"wpforms-required-label\">*<\/span><\/label><input type=\"text\" id=\"wpforms-3130-field_14\" class=\"wpforms-field-large wpforms-field-required\" name=\"wpforms[fields][14]\" required><\/div><div id=\"wpforms-3130-field_8-container\" class=\"wpforms-field wpforms-field-select wpforms-field-select-style-modern\" data-field-id=\"8\"><label class=\"wpforms-field-label\" for=\"wpforms-3130-field_8\">Kurs <span class=\"wpforms-required-label\">*<\/span><\/label><select id=\"wpforms-3130-field_8\" class=\"wpforms-field-large wpforms-field-required choicesjs-select\" data-size-class=\"wpforms-field-row wpforms-field-large\" data-search-enabled=\"1\" name=\"wpforms[fields][8][]\" required=\"required\" multiple=\"multiple\"><option value=\"\" class=\"placeholder\" disabled >Bitte w\u00e4hlen Sie hier Ihren Kurs aus...<\/option><option value=\"#5.04.04 A | 10-Finger-Tastschreiben, Grundkurs f\u00fcr Sch\u00fcler ab 10 Jahren (montags)\"  class=\"choice-1 depth-1\"  >#5.04.04 A | 10-Finger-Tastschreiben, Grundkurs f\u00fcr Sch\u00fcler ab 10 Jahren (montags)<\/option><option value=\"#5.04.04 B | 10-Finger-Tastschreiben, Grundkurs f\u00fcr Sch\u00fcler ab 10 Jahren (donnerstags)\"  class=\"choice-55 depth-1\"  >#5.04.04 B | 10-Finger-Tastschreiben, Grundkurs f\u00fcr Sch\u00fcler ab 10 Jahren (donnerstags)<\/option><option value=\"#5.04.08. A | 10-Finger-Tastschreiben, Grundkurs (Kompaktkurs) f\u00fcr Jugendliche und Erwachsene\"  class=\"choice-11 depth-1\"  >#5.04.08. A | 10-Finger-Tastschreiben, Grundkurs (Kompaktkurs) f\u00fcr Jugendliche und Erwachsene<\/option><option value=\"#5.04.08 B | 10-Finger-Tastschreiben, Grundkurs f\u00fcr Erwachsene, Auszubildende und Studierende (Mindestalter 16  Jahre)\"  class=\"choice-2 depth-1\"  >#5.04.08 B | 10-Finger-Tastschreiben, Grundkurs f\u00fcr Erwachsene, Auszubildende und Studierende (Mindestalter 16  Jahre)<\/option><option value=\"#5.04.08 C | 10-Finger-Tastschreiben, Grundkurs f\u00fcr Auszubildende und Studierende, ab 13 Jahre (mittwochs)\"  class=\"choice-3 depth-1\"  >#5.04.08 C | 10-Finger-Tastschreiben, Grundkurs f\u00fcr Auszubildende und Studierende, ab 13 Jahre (mittwochs)<\/option><option value=\"#5.04.08 D | 10-Finger-Tastschreiben, Grundkurs f\u00fcr Auszubildende und Studierende, ab 13 Jahre (donnerstags)\"  class=\"choice-12 depth-1\"  >#5.04.08 D | 10-Finger-Tastschreiben, Grundkurs f\u00fcr Auszubildende und Studierende, ab 13 Jahre (donnerstags)<\/option><option value=\"#5.04.06 | Tastschreib-Trainingskurs am Montag\"  class=\"choice-14 depth-1\"  >#5.04.06 | Tastschreib-Trainingskurs am Montag<\/option><option value=\"#5.04.07 | Tastschreib-Trainingskurs am Mittwoch\"  class=\"choice-15 depth-1\"  >#5.04.07 | Tastschreib-Trainingskurs am Mittwoch<\/option><option value=\"#5.04.17 | Einstieg in Windows\"  class=\"choice-29 depth-1\"  >#5.04.17 | Einstieg in Windows<\/option><option value=\"#5.04.03 | Pr\u00e4sentationen mit &quot;PowerPoint&quot; erstellen\"  class=\"choice-37 depth-1\"  >#5.04.03 | Pr\u00e4sentationen mit \"PowerPoint\" erstellen<\/option><option value=\"#5.04.10 A | Grundkurs MS EXCEL\"  class=\"choice-18 depth-1\"  >#5.04.10 A | Grundkurs MS EXCEL<\/option><option value=\"#5.04.10 B | \u00dcbungs- und Vertiefungskurs MS EXCEL\"  class=\"choice-35 depth-1\"  >#5.04.10 B | \u00dcbungs- und Vertiefungskurs MS EXCEL<\/option><option value=\"#5.04.10 C | Grundkurs MS EXCEL und MS WORD f\u00fcr den Berufsalltag\"  class=\"choice-36 depth-1\"  >#5.04.10 C | Grundkurs MS EXCEL und MS WORD f\u00fcr den Berufsalltag<\/option><option value=\"#5.04.10 D | Aufbaukurs MS EXCEL und MS WORD f\u00fcr den Berufsalltag\"  class=\"choice-43 depth-1\"  >#5.04.10 D | Aufbaukurs MS EXCEL und MS WORD f\u00fcr den Berufsalltag<\/option><option value=\"#5.04.10 E | Vertiefungskurs MS WORD und MS Excel f\u00fcr den Berufsalltag\"  class=\"choice-56 depth-1\"  >#5.04.10 E | Vertiefungskurs MS WORD und MS Excel f\u00fcr den Berufsalltag<\/option><option value=\"#5.04.12 A | Grundkurs MS WORD\"  class=\"choice-30 depth-1\"  >#5.04.12 A | Grundkurs MS WORD<\/option><option value=\"#5.04.14 | Kinder-Schreibwerkstatt ab dem 2. Schuljahr\"  class=\"choice-45 depth-1\"  >#5.04.14 | Kinder-Schreibwerkstatt ab dem 2. Schuljahr<\/option><option value=\"#5.04.12 B | Grundkurs MS WORD f\u00fcr Kinder, ab 12 Jahre\"  class=\"choice-46 depth-1\"  >#5.04.12 B | Grundkurs MS WORD f\u00fcr Kinder, ab 12 Jahre<\/option><option value=\"#5.04.28 | Word-Workshop &quot;zeiteffizientes Arbeiten in WORD mit Tastaturbefehlen ohne Maus&quot;\"  class=\"choice-47 depth-1\"  >#5.04.28 | Word-Workshop \"zeiteffizientes Arbeiten in WORD mit Tastaturbefehlen ohne Maus\"<\/option><option value=\"5.04.15 | PC-Grundkurs f\u00fcr Senioren\/TN 50+\"  class=\"choice-48 depth-1\"  >5.04.15 | PC-Grundkurs f\u00fcr Senioren\/TN 50+<\/option><option value=\"#5.04.18 | PC Auffrischungs- und Aufbaukurs f\u00fcr Teilnehmende 50+ und Seniorinnen\/Senioren\"  class=\"choice-49 depth-1\"  >#5.04.18 | PC Auffrischungs- und Aufbaukurs f\u00fcr Teilnehmende 50+ und Seniorinnen\/Senioren<\/option><option value=\"#5.04.19 | Internet f\u00fcr Senioren\/TN 50+\"  class=\"choice-20 depth-1\"  >#5.04.19 | Internet f\u00fcr Senioren\/TN 50+<\/option><option value=\"#5.04.16 | Ebay und (Ebay-)Kleinanzeigen\"  class=\"choice-40 depth-1\"  >#5.04.16 | Ebay und (Ebay-)Kleinanzeigen<\/option><option value=\"#5.04.31 | Fit am iPhone von Apple\"  class=\"choice-22 depth-1\"  >#5.04.31 | Fit am iPhone von Apple<\/option><option value=\"#5.04.32 | Fit am iPad von Apple\"  class=\"choice-23 depth-1\"  >#5.04.32 | Fit am iPad von Apple<\/option><option value=\"#5.04.11 A | Fit am Android Smartphone (ab 23.02.2026)\"  class=\"choice-24 depth-1\"  >#5.04.11 A | Fit am Android Smartphone (ab 23.02.2026)<\/option><option value=\"#5.04.11 B | Fit am Android Smartphone (ab 11.05.2026)\"  class=\"choice-42 depth-1\"  >#5.04.11 B | Fit am Android Smartphone (ab 11.05.2026)<\/option><option value=\"#5.04.01 A | Stenografie, Kurzschrift Grundkurs\"  class=\"choice-50 depth-1\"  >#5.04.01 A | Stenografie, Kurzschrift Grundkurs<\/option><option value=\"#5.04.01 T | Stenografie, Kurzschrift-Verkehrsschrift Trainingsgruppe\"  class=\"choice-51 depth-1\"  >#5.04.01 T | Stenografie, Kurzschrift-Verkehrsschrift Trainingsgruppe<\/option><option value=\"#5.04.01 R | Stenografie, Redeschriftkurs\"  class=\"choice-26 depth-1\"  >#5.04.01 R | Stenografie, Redeschriftkurs<\/option><option value=\"#5.04.02 | Stenografie, Kurzschrift Trainingskurs\"  class=\"choice-27 depth-1\"  >#5.04.02 | Stenografie, Kurzschrift Trainingskurs<\/option><option value=\"#5.04.24 A | Kompaktkurs &quot;Lebenslauf, Deckblatt und Bewerbungsschreiben in WORD erstellen&quot;\"  class=\"choice-52 depth-1\"  >#5.04.24 A | Kompaktkurs \"Lebenslauf, Deckblatt und Bewerbungsschreiben in WORD erstellen\"<\/option><option value=\"#5.04.24 C | Der Bewerbungs-Check f\u00fcr Sch\u00fcler\/-innen ab 14 Jahre, Auszubildende, Studierende\"  class=\"choice-53 depth-1\"  >#5.04.24 C | Der Bewerbungs-Check f\u00fcr Sch\u00fcler\/-innen ab 14 Jahre, Auszubildende, Studierende<\/option><option value=\"#5.04.24 B | Meine ersten Bewerbungen f\u00fcr Praktika oder Ausbildungspl\u00e4tze\"  class=\"choice-54 depth-1\"  >#5.04.24 B | Meine ersten Bewerbungen f\u00fcr Praktika oder Ausbildungspl\u00e4tze<\/option><\/select><\/div><div id=\"wpforms-3130-field_6-container\" class=\"wpforms-field wpforms-field-textarea\" data-field-id=\"6\"><label class=\"wpforms-field-label\" for=\"wpforms-3130-field_6\">Fragen oder Kommentare<\/label><textarea id=\"wpforms-3130-field_6\" class=\"wpforms-field-medium\" name=\"wpforms[fields][6]\" ><\/textarea><\/div><\/div><!-- .wpforms-field-container --><div class=\"wpforms-submit-container\" ><input type=\"hidden\" name=\"wpforms[id]\" value=\"3130\"><input type=\"hidden\" name=\"page_title\" value=\"\"><input type=\"hidden\" name=\"page_url\" value=\"https:\/\/zvb-obertshausen.de\/start\/wp-json\/wp\/v2\/pages\/1787\"><input type=\"hidden\" name=\"url_referer\" value=\"\"><button type=\"submit\" name=\"wpforms[submit]\" id=\"wpforms-submit-3130\" class=\"wpforms-submit\" data-alt-text=\"Senden...\" data-submit-text=\"Anmelden\" aria-live=\"assertive\" value=\"wpforms-submit\">Anmelden<\/button><img decoding=\"async\" src=\"https:\/\/zvb-obertshausen.de\/wp-content\/plugins\/wpforms-lite\/assets\/images\/submit-spin.svg\" class=\"wpforms-submit-spinner\" style=\"display: none;\" width=\"26\" height=\"26\" alt=\"Wird geladen\"><\/div><\/form><\/div>  <!-- .wpforms-container -->\t\t\t\t<\/div>\n\t\t\t\t<\/div>\n\t\t\t\t\t<\/div>\n\t\t<\/div>\n\t\t\t\t\t<\/div>\n\t\t<\/section>\n\t\t\t\t<\/div>\n\t\t","protected":false},"excerpt":{"rendered":"<p>Kursanmeldung Bitte lesen Sie sich unsereallgemeinen Lehrgangsbedingungen durch. Bitte aktiviere JavaScript in deinem Browser, um dieses Formular fertigzustellen.Name *VornameNachnameEmail *Telefonnr. *Stra\u00dfe, Nr. *Postleitzahl *Stadt *Kurs *Bitte w\u00e4hlen Sie hier Ihren Kurs aus&#8230;#5.04.04 | 10-Finger-Tastschreiben, Grundkurs f\u00fcr Sch\u00fcler ab 10 Jahren#5.04.08. A | 10-Finger-Tastschreiben, Grundkurs (Kompaktkurs) f\u00fcr Jugendliche und Erwachsene#5.04.08 B | 10-Finger-Tastschreiben, Grundkurs f\u00fcr Erwachsene, [&hellip;]<\/p>\n","protected":false},"author":1,"featured_media":0,"parent":0,"menu_order":0,"comment_status":"closed","ping_status":"closed","template":"","meta":{"_uag_custom_page_level_css":"","site-sidebar-layout":"no-sidebar","site-content-layout":"page-builder","ast-site-content-layout":"full-width-container","site-content-style":"unboxed","site-sidebar-style":"default","ast-global-header-display":"","ast-banner-title-visibility":"","ast-main-header-display":"","ast-hfb-above-header-display":"","ast-hfb-below-header-display":"","ast-hfb-mobile-header-display":"","site-post-title":"disabled","ast-breadcrumbs-content":"","ast-featured-img":"disabled","footer-sml-layout":"","ast-disable-related-posts":"","theme-transparent-header-meta":"enabled","adv-header-id-meta":"","stick-header-meta":"","header-above-stick-meta":"","header-main-stick-meta":"","header-below-stick-meta":"","astra-migrate-meta-layouts":"set","ast-page-background-enabled":"default","ast-page-background-meta":{"desktop":{"background-color":"","background-image":"","background-repeat":"repeat","background-position":"center center","background-size":"auto","background-attachment":"scroll","background-type":"","background-media":"","overlay-type":"","overlay-color":"","overlay-opacity":"","overlay-gradient":""},"tablet":{"background-color":"","background-image":"","background-repeat":"repeat","background-position":"center center","background-size":"auto","background-attachment":"scroll","background-type":"","background-media":"","overlay-type":"","overlay-color":"","overlay-opacity":"","overlay-gradient":""},"mobile":{"background-color":"","background-image":"","background-repeat":"repeat","background-position":"center center","background-size":"auto","background-attachment":"scroll","background-type":"","background-media":"","overlay-type":"","overlay-color":"","overlay-opacity":"","overlay-gradient":""}},"ast-content-background-meta":{"desktop":{"background-color":"var(--ast-global-color-5)","background-image":"","background-repeat":"repeat","background-position":"center center","background-size":"auto","background-attachment":"scroll","background-type":"","background-media":"","overlay-type":"","overlay-color":"","overlay-opacity":"","overlay-gradient":""},"tablet":{"background-color":"var(--ast-global-color-5)","background-image":"","background-repeat":"repeat","background-position":"center center","background-size":"auto","background-attachment":"scroll","background-type":"","background-media":"","overlay-type":"","overlay-color":"","overlay-opacity":"","overlay-gradient":""},"mobile":{"background-color":"var(--ast-global-color-5)","background-image":"","background-repeat":"repeat","background-position":"center center","background-size":"auto","background-attachment":"scroll","background-type":"","background-media":"","overlay-type":"","overlay-color":"","overlay-opacity":"","overlay-gradient":""}},"footnotes":""},"class_list":["post-1787","page","type-page","status-publish","hentry"],"uagb_featured_image_src":{"full":false,"thumbnail":false,"medium":false,"medium_large":false,"large":false,"1536x1536":false,"2048x2048":false,"slider-bg":false,"card-grid":false,"card-list":false},"uagb_author_info":{"display_name":"admin","author_link":"https:\/\/zvb-obertshausen.de\/start\/author\/admin\/"},"uagb_comment_info":0,"uagb_excerpt":"Kursanmeldung Bitte lesen Sie sich unsereallgemeinen Lehrgangsbedingungen durch. Bitte aktiviere JavaScript in deinem Browser, um dieses Formular fertigzustellen.Name *VornameNachnameEmail *Telefonnr. *Stra\u00dfe, Nr. *Postleitzahl *Stadt *Kurs *Bitte w\u00e4hlen Sie hier Ihren Kurs aus&#8230;#5.04.04 | 10-Finger-Tastschreiben, Grundkurs f\u00fcr Sch\u00fcler ab 10 Jahren#5.04.08. A | 10-Finger-Tastschreiben, Grundkurs (Kompaktkurs) f\u00fcr Jugendliche und Erwachsene#5.04.08 B | 10-Finger-Tastschreiben, Grundkurs f\u00fcr Erwachsene,&hellip;","_links":{"self":[{"href":"https:\/\/zvb-obertshausen.de\/start\/wp-json\/wp\/v2\/pages\/1787","targetHints":{"allow":["GET"]}}],"collection":[{"href":"https:\/\/zvb-obertshausen.de\/start\/wp-json\/wp\/v2\/pages"}],"about":[{"href":"https:\/\/zvb-obertshausen.de\/start\/wp-json\/wp\/v2\/types\/page"}],"author":[{"embeddable":true,"href":"https:\/\/zvb-obertshausen.de\/start\/wp-json\/wp\/v2\/users\/1"}],"replies":[{"embeddable":true,"href":"https:\/\/zvb-obertshausen.de\/start\/wp-json\/wp\/v2\/comments?post=1787"}],"version-history":[{"count":66,"href":"https:\/\/zvb-obertshausen.de\/start\/wp-json\/wp\/v2\/pages\/1787\/revisions"}],"predecessor-version":[{"id":4231,"href":"https:\/\/zvb-obertshausen.de\/start\/wp-json\/wp\/v2\/pages\/1787\/revisions\/4231"}],"wp:attachment":[{"href":"https:\/\/zvb-obertshausen.de\/start\/wp-json\/wp\/v2\/media?parent=1787"}],"curies":[{"name":"wp","href":"https:\/\/api.w.org\/{rel}","templated":true}]}}